t is k(7)?
-4
Let f(p) = -8*p**2 + 288*p + 6629. Determine f(52).
-27
Let d(w) = -13*w + 57. Determine d(-43).
616
Let h(o) = -o**3 - 2*o**2 + o + 8. What is h(2)?
-6
Let p(v) = -184*v + 11229. Give p(61).
5
Let x(l) = l**3 + 6*l**2 + 156*l + 613. What is x(-4)?
21
Let c(o) = 320*o + 7408. Calculate c(-23).
48
Let x(q) = 129*q**2 + 1291*q + 8. Calculate x(-10).
-2
Let j(l) = -l**3 + 80*l**2 - 231*l - 121. Determine j(77).
-121
Let t(g) = -7*g**3 + 4*g**2 + 6*g + 3. Determine t(-2).
63
Let t(g) = 3*g**2 + 48*g + 32. Calculate t(-12).
-112
Let g(f) = 2*f**2 + 215*f + 5796. Calculate g(-53).
19
Let u(o) = -o**2 - 30*o + 174. Determine u(5).
-1
Let z(s) = s**2 + 179*s + 2632. Determine z(-16).
24
Let c(x) = 7*x**2 - 35*x - 12. What is c(3)?
-54
Let a(w) = w**3 - 32*w**2 + 217*w + 52. What is a(22)?
-14
Let u(w) = w**3 + 31*w**2 - 3*w + 36. Calculate u(-31).
129
Let y(v) = -4*v - 44. Give y(1).
-48
Let i(k) = -2*k**2 - 45*k + 502. Calculate i(-30).
52
Let v(n) = -3*n**2 + 79*n + 2387. What is v(-18)?
-7
Let d(l) = l**2 - 221*l + 10652. What is d(71)?
2
Let h(n) = -n**2 + 12*n + 212. Give h(-12).
-76
Let y(v) = v**3 + 339*v**2 - 5671*v + 3200. Calculate y(-355).
5
Let n(i) = -4*i + 82. Give n(8).
50
Let s(y) = y**3 + 86*y**2 + 103*y + 1521. What is s(-85)?
-9
Let d(l) = 3774*l + 22642. Determine d(-6).
-2
Let f(d) = -d**3 - 11*d**2 - 8*d + 137. Give f(-10).
117
Let x(z) = -z**3 - 22*z**2 - 69*z + 132. Calculate x(-17).
-140
Let r(v) = 3*v**2 - 31*v + 64. What is r(13)?
168
Let v(u) = -192*u - 412. What is v(-3)?
164
Let b(o) = -5*o**3 - 16*o**2 - 9*o. What is b(0)?
0
Let p(j) = j**3 - 166*j**2 - 353*j + 2873. Determine p(168).
17
Let z(u) = 13*u**2 - 68*u + 78. Calculate z(4).
14
Let u(o) = -o**3 - 7*o**2 + 8*o + 7. Determine u(4).
-137
Let b(h) = 2*h**3 + 84*h**2 + 210. Give b(-42).
210
Let t(q) = -3*q**2 + 17*q + 22. Determine t(7).
-6
Let s(f) = -5*f**3 + 2*f**2 + 19*f - 11. Calculate s(2).
-5
Let y(w) = -12*w + 536. Determine y(46).
-16
Let c(a) = 2*a**2 + 3*a + 5. Determine c(0).
5
Let u(q) = q**3 - 7*q**2 - 4*q + 75. What is u(0)?
75
Let m(r) = -18*r**2 + 311*r - 19. Calculate m(17).
66
Let x(u) = -12*u**2 + 457*u - 13. What is x(38)?
25
Let h(d) = -19*d**2 - 99*d - 16. Calculate h(-5).
4
Let n(l) = -l**3 + 30*l**2 - 53*l - 59. What is n(28)?
25
Let m(g) = 60*g - 235. Give m(7).
185
Let u(d) = -22*d + 237. Determine u(11).
-5
Let g(a) = -22739*a + 45464. Determine g(2).
-14
Let a(t) = 16*t - 117. What is a(-9)?
-261
Let g(s) = 14*s**2 - 2*s - 2. Determine g(2).
50
Let u(x) = -2*x**3 + 10*x**2 + 24*x - 14. What is u(8)?
-206
Let b(t) = 67*t - 336. Determine b(5).
-1
Let b(g) = -2*g**3 - 25*g**2 - g + 266. What is b(0)?
266
Let i(h) = 8*h + 101. Determine i(-31).
-147
Let p(a) = 252*a + 1020. Calculate p(-4).
12
Let f(a) = 24*a - 843. Calculate f(35).
-3
Let m(h) = -7*h**3 - 170*h**2 - 49*h - 28. Calculate m(-24).
-4
Let j(q) = -11*q**3 + 89*q**2 - 11*q + 8. Determine j(8).
-16
Let u(h) = -670*h + 670. Calculate u(1).
0
Let m(k) = k**3 + 159*k**2 + 458*k - 29. Give m(-3).
1
Let s(g) = -3*g**3 - 3*g**2 - 3*g + 71. What is s(-5)?
386
Let d(b) = -6732*b + 6705. What is d(1)?
-27
Let k(r) = r**2 - 18*r - 41. What is k(16)?
-73
Let q(o) = 32*o - 1027. Calculate q(28).
-131
Let v(r) = 2*r**2 - 3*r - 343. What is v(-12)?
-19
Let g(a) = -2*a**2 + 38*a + 927. Calculate g(33).
3
Let v(t) = -t**3 + 27*t**2 - 172*t + 19. Determine v(17).
-15
Let y(l) = -l**3 - 61*l**2 - 212*l + 211. Determine y(-57).
-701
Let l(b) = -75*b - 551. Determine l(-21).
1024
Let i(n) = -3*n**2 - 57*n - 177. Determine i(-3).
-33
Let k(l) = l**2 - 195*l - 5264. What is k(219)?
-8
Let c(p) = 10*p - 62. Calculate c(-5).
-112
Let k(x) = 3*x**2 - 54*x + 128. What is k(19)?
185
Let l(b) = 5*b**3 - 10*b**2 - 5*b + 15. Give l(5).
365
Let m(n) = n**2 + 104*n + 1951. What is m(-76)?
-177
Let k(h) = -h**2 - 7*h + 20. Give k(2).
2
Let l(b) = 5*b**3 + 249*b**2 - 39*b + 554. Give l(-50).
4
Let j(l) = 95*l - 466. Determine j(5).
9
Let j(m) = 339*m + 29502. What is j(-87)?
9
Let u(m) = -m**2 - 947*m + 14423. Determine u(15).
-7
Let j(f) = f**3 - 23*f**2 - 141*f + 27. What is j(28)?
-1
Let y(j) = -6*j**2 + 4*j - 5. Give y(1).
-7
Let r(d) = 3*d - 70. Give r(14).
-28
Let n(q) = 11*q**2 + 45*q + 275. What is n(-7)?
499
Let t(f) = f**3 + 13*f**2 - 292*f + 152. What is t(-25)?
-48
Let c(k) = -75*k**2 + 10651*k - 139. What is c(142)?
3
Let h(d) = -12*d - 20. Calculate h(-5).
40
Let p(u) = -u**3 - 11*u**2 + 3*u + 120. Give p(-10).
-10
Let c(g) = 2*g**3 - 24*g**2 - 145*g + 67. Calculate c(18).
1345
Let m(r) = 28*r**2 + 103*r + 8. Determine m(-4).
44
Let f(j) = -11*j - 118. Give f(6).
-184
Let m(k) = 1633*k - 5. What is m(0)?
-5
Let t(b) = -7*b**3 + 5*b**2 + 21*b + 49. Give t(-3).
220
Let u(k) = -k**3 + 11*k**2 + 182*k + 93. Calculate u(-10).
373
Let b(j) = 9*j**2 + 743*j - 317. Give b(-83).
15
Let h(u) = -2*u**3 + 272*u**2 + 10*u - 1355. What is h(136)?
5
Let j(v) = -2*v**2 - 187*v + 1093. What is j(-99)?
4
Let i(p) = 78*p + 5. Give i(2).
161
Let n(c) = -c**3 - 12*c**2 + 13*c + 41. What is n(-13)?
41
Let d(o) = 18*o - 146. What is d(-5)?
-236
Let q(v) = v**3 + 4*v**2 + 2*v + 156. Determine q(-10).
-464
Let h(q) = 25*q**2 - q + 1. Calculate h(-1).
27
Let s(c) = -26*c + 84. Determine s(2).
32
Let g(p) = -p**3 - 11*p**2 + 4*p + 33. Calculate g(-12).
129
Let x(k) = -k**2 - 723*k - 3610. Calculate x(-5).
-20
Let n(d) = d**3 - 16*d**2 + 61*d - 26. Calculate n(5).
4
Let d(p) = 2*p**3 - 21*p**2 + 69*p - 86. What is d(6)?
4
Let m(a) = 44*a**3 + 2*a**2 - 5*a - 6. Determine m(-1).
-43
Let d(j) = -7*j**2 - 153*j + 33. Determine d(-22).
11
Let v(o) = o**3 - 19*o**2 + 38*o - 2. What is v(2)?
6
Let k(p) = p**2 - 18*p + 67. Give k(11).
-10
Let m(d) = 7*d**2 + 2*d + 16. Give m(3).
85
Let n(u) = 13*u**2 - 121*u - 34. What is n(10)?
56
Let i(n) = 1132*n + 10194. Give i(-9).
6
Let o(i) = -1168*i - 829. Give o(-1).
339
Let h(i) = 3*i**3 - 2*i**2 - 4*i + 10. Calculate h(3).
61
Let c(t) = 400*t - 11596. Give c(29).
4
Let a(y) = y**3 - 20*y - 2. What is a(-4)?
14
Let l(x) = x**2 - 61*x - 894. Calculate l(73).
-18
Let m(t) = -t**3 + 18*t**2 - 13*t + 236. Calculate m(18).
2
Let a(q) = -8*q + 550. Determine a(59).
78
Let g(y) = -2*y**2 + 21*y + 260. What is g(-7)?
15
Let p(s) = -2*s**3 + s**2 + 20*s - 61. Calculate p(4).
-93
Let q(v) = -v**3 - 64*v**2 - 239*v + 63. Give q(-60).
3
Let a(o) = 580*o + 9854. Determine a(-17).
-6
Let l(y) = -3142*y - 31411. Give l(-10).
9
Let i(f) = -f**3 + 41*f**2 + 91*f - 26. Give i(43).
189
Let z(d) = 2*d**3 - 20*d**2 + 5*d + 49. Determine z(9).
-68
Let v(h) = -2*h**3 - 96*h**2 - 101*h - 286. Give v(-47).
43
Let p(r) = 39*r + 1866. Determine p(-43).
189
Let i(y) = -2*y**3 + 29*y**2 - 52*y - 105. Give i(12).
-9
Let i(l) = l**3 - 170*l**2 - 694*l - 343. Give i(174).
5
Let d(z) = 6693*z + 46843. What is d(-7)?
-8
Let u(t) = 3*t**2 + 152*t + 1479. Calculate u(-37).
-38
Let p(v) = 53*v + 589. Calculate p(-11).
6
Let r(f) = -74*f**2 + 55*f + 3. Calculate r(1).
-16
Let l(b) = b**2 + 8*b - 1289. Determine l(32).
-9
Let h(l) = 2*l**3 + 62*l**2 + 62*l + 59. What is h(-30)?
-1
Let w(u) = 17*u + 519. What is w(-20)?
179
Let g(f) = -183*f + 592. Give g(3).
43
Let z(o) = o**3 + 45*o**2 - 9*o - 67. Determine z(-45).
338
Let w(b) = b**3 + 11*b**2 + 16*b - 21. Determine w(-10).
-81
Let c(n) = 32*n**2 + 1317*n - 4239. Calculate c(3).
0
Let y(j) = -j**3 - 30*j**2 - 174*j + 4. Determine y(-9).
-131
Let v(o) = -o**2 + 89. Determine v(13).
-80
Let z(n) = -n**3 + n**2 + 21*n + 48. Calculate z(0).
48
Let h(o) = o**2 + 859*o + 29. Calculate h(0).
29
Let x(m) = -2*m**2 + 1087*m - 4313. What is x(4)?
3
Let b(p) = -33*p**3 + 4*p - 3. Give b(1).
-32
Let t(a) = a**3 - a**2 + 22*a + 176. What is t(-4)?
8
Let w(v) = v**3 - 12*v**2 - 42*v - 41. Determine w(15).
4
Let g(y) = 223*y + 5573. Calculate g(-25).
-2
Let s(g) = -297*g - 39512. Calculate s(-133).
-11
Let p(l) = 202*l - 19. Determine p(-1).
-221
Let w(h) = -2*h**2 - 104*h - 900. Determine w(-41).
2
Let x(p) = -p**2 + 77*p - 1503. What is x(38)?
-21
Let c(a) = a**3 - 2*a**2 - 33*a - 79. Calculate c(-3).
-25
Let s(y) = 3894*y + 7804. Determine s(-2).
16
Let h(w) = -w**3 - 6*w**2 + 127*w + 777. What is h(-11)?
-15
Let i(z) = 48*z - 828. Determine i(15).
-108
Let t(x) = -7*x**